me number?
False
Suppose 0 = 4*v - 5*f + 7, -3*f = -v + 1 - 8. Let m be 6/(-1 - v) + 6. Suppose m*i - 2225 = -i. Is i prime?
False
Let b(z) = 4*z**2 + 9*z - 361. Is b(-34) a composite number?
True
Suppose -5*g - 2*u - 1391 + 27690 = 0, 0 = -2*g - 5*u + 10507. Is g a composite number?
False
Suppose 10 = -d - 4*n, 0 = -2*n - n - 3. Let b be (-164)/(-6) + 2/d. Suppose 4 = -m + b. Is m a composite number?
False
Let g(q) be the third derivative of q**6/120 + q**5/30 - q**4/12 + q**3/2 - 6*q**2. Let l be g(-3). Suppose k - 4*k + 3*x + 21 = l, 13 = k + x. Is k composite?
True
Let n(p) = -32*p**3 + p**2 - p - 1. Suppose 2*x + 2 = -2*y, -4*y + 0*y + 21 = -x. Let b = -6 - x. Is n(b) prime?
False
Is ((-1)/3)/(0 - 9/52353) prime?
False
Let s = 2607 - -1504. Is s a prime number?
True
Suppose 4*u - 5*o - 50040 = 13421, -31728 = -2*u + 2*o. Is u a composite number?
False
Suppose -14*z + 16 = -13*z. Suppose -4*r + z = 0, 4*s - 4*r + 12 = -7*r. Let f(v) = -129*v + 11. Is f(s) a prime number?
False
Suppose -3*b - 2 = -2*y + 5, -1 = y - 3*b. Is ((-4)/(-5))/((-15)/((-54300)/y)) a prime number?
False
Suppose -3444 = 19*v - 117463. Is v prime?
False
Let a(y) = 2499*y**3 + 7*y**2 + 7*y - 4. Let n(k) = -k**3 + k**2 + k - 1. Let x(g) = -a(g) + 5*n(g). Is x(-1) a composite number?
False
Let d be (36/24)/(2/28). Let x = 42 + d. Let m = -28 + x. Is m prime?
False
Let d(b) = -b**2 - 22*b + 17. Let r be d(-10). Suppose -5*o + 5*v + r = -493, -3*v = -3. Is o a prime number?
True
Let p(f) = 12*f + 30. Let n be p(-18). Let o = -60 - n. Suppose o = s - 353. Is s composite?
False
Let a be 3/(108/8) - (-128973)/27. Suppose 0 = -0*s - 2*s - 5*w + 1921, -5*s - 4*w = -a. Is s a prime number?
True
Suppose 0 = y - 5*w - 25637, 262*y - 25641 = 261*y + 4*w. Is y a composite number?
False
Let u(n) = -11*n + 3. Let m be u(2). Let k = m + 52. Let g = -2 + k. Is g composite?
False
Suppose -9 = -3*r, 5*h + 1 = 4*r + 9. Let g(c) = -5*c**2 + 2 + h*c**2 - 2*c + 16*c**2. Is g(1) prime?
False
Suppose 0 = 5*m - s - 26, -2*s - 8 = -2*m + 4. Suppose 2*y = -y - 2*j + 193, 20 = -m*j. Suppose -4*v - 2*w + 3*w = -268, -y = -v + w. Is v prime?
True
Let i be (11 + -1 - 1) + -4. Suppose 0 = -5*h + 3*h - 3*q + 10855, 0 = i*h - 3*q - 27190. Is h composite?
True
Is ((383604/(-36))/(-13))/(2/6) prime?
True
Is (2 + -3 + 558)/((-8)/(-8)) a prime number?
True
Let h(p) = 2*p - 18. Let o be h(14). Is (-85)/(-2)*(-8 + o) composite?
True
Let m be (5/3)/((-2)/(-12)). Let g(q) = -5 - m*q - 4*q - 5*q. Is g(-6) a prime number?
True
Is (-289340)/(-220) - 4/22 a composite number?
True
Let a be 1 - (-3)/((-3)/(-5)). Suppose v - a*v + 170 = -2*z, -34 = -v + 2*z. Is v a prime number?
False
Let p = 806 + 18799. Suppose -41*u = -46*u + p. Is u composite?
True
Suppose -28 + 160 = 6*u. Suppose -6034 = -29*d + u*d. Is d prime?
False
Let u(w) = -45*w**3 - w**2 - 45*w + 13. Is u(-6) composite?
False
Suppose -3*l - 5*p = 37, 2*l - 8 = -5*p - 36. Is l/3*(-4)/6 + 2017 prime?
False
Let d be ((-1)/(-2) - -1)/(57/38). Is -3 + 5 - (1154/d)/(-2) prime?
False
Suppose -r - 4*v + 1712 = -6199, r - 2*v = 7905. Is r a prime number?
True
Let f(j) = -j**3 + 2*j**2 + 2. Suppose 4*w - 19 = 5. Suppose q = -w + 1. Is f(q) a prime number?
False
Suppose 0 = 17*n - 15*n - 2. Let t = n - -2. Suppose 4*o = t*o + 71. Is o a composite number?
False
Let p(x) = -1. Let o(w) = 10*w - 7. Let m(s) = o(s) - 4*p(s). Let l(c) = 4*c**2. Let u be l(1). Is m(u) a composite number?
False
Let h(y) = 3*y**3 - 39*y**2 - 11*y + 63. Let m(x) = x**3 - 20*x**2 - 5*x + 31. Let d(n) = -2*h(n) + 5*m(n). Is d(-22) a prime number?
False
Let r(k) = -173*k + 40. Let g be r(-7). Let x = -582 + g. Is x prime?
False
Suppose 3*o + o + 3*g = 7, -5*g = -5. Suppose 21 = 2*a + o. Is a composite?
True
Is (-87132)/(-8)*2/3 a composite number?
True
Let l(o) = -o**2 - 27*o - 23. Let y be l(-26). Suppose -5*x = -4*p - 3*x + 5482, -2761 = -2*p - y*x. Is p a prime number?
True
Let i(g) = -4*g - 29. Let q be i(-10). Suppose 5*p - q*p = -4254. Is p a prime number?
True
Suppose -30573 = -6*z + 10437. Is z a composite number?
True
Suppose 5902 = j - n, 11*n = 6*n + 15. Is j prime?
False
Let g = -18517 - -79002. Is g a prime number?
False
Suppose -30*g + 42038 = 4208. Is g a prime number?
False
Suppose -2*q + 25 = 5*x, 0*q - 5*q - 3*x = -34. Suppose -2*t = 4*j - t - 945, 0 = q*j - t - 1188. Is j a composite number?
True
Let q = -18189 + 48904. Is q prime?
False
Let m(a) = a**3 - 3*a**2 + 0*a**3 - 10 - 2 - 4*a + 5. Suppose 22 = 4*s - 6. Is m(s) a prime number?
False
Suppose -1853 = 4*x - 5*f, x - 4*f - 920 = 3*x. Let v = x - -843. Is v prime?
False
Let z = 1643 + 674. Is z composite?
True
Let j be (36/(-45))/((-4)/50). Let u = 13 - j. Suppose 0 = 5*p - i - 1680, u*p - 5*p - 5*i + 645 = 0. Is p composite?
True
Suppose 3*w + 64128 = 3*a + 14544, 5*a = -w + 82646. Let h = a + -8712. Is h a prime number?
True
Is 53/(5 - (-2220)/(-445)) a prime number?
False
Let f(m) = -40002*m + 107. Is f(-3) a composite number?
True
Is 178036/235 - (6/10 + 0) composite?
False
Suppose -41559 = 2*m - 6*m - p, 4*m + 5*p - 41539 = 0. Is m prime?
True
Suppose -w = -4*w + 48. Suppose 3*y + 2*h = -50, -9*h = y - 6*h + 12. Is (-410)/y + w/72 a prime number?
True
Let p be 5279 + 5 + 0/(-4). Suppose 146 - p = -7*v. Is v prime?
False
Let k be 154/(-10) + 2/5. Let h = 18 + k. Is (h + -3 + 1)*233 a prime number?
True
Let x be 0/((-1)/3 + 10/(-6)). Suppose x = -2*d + 144 + 238. Is d composite?
False
Let m be (7/(28/8))/(-2). Let s be ((m + 1)/1)/2. Let u(t) = -t**2 + t + 411. Is u(s) prime?
False
Suppose -2*n + 4 = -8. Let j(a) = 3*a - 12. Let i be j(n). Is ((-3)/(-2))/(i/820) a composite number?
True
Let b(z) = -9*z + 6*z**2 + 6*z**3 - 9*z**2 + 8 - 3*z**3 - 3. Is b(4) composite?
False
Is 626676/54*63/14 a prime number?
True
Let b = -362 - -1785. Is b prime?
True
Suppose -5*d - k + 25195 = 0, d - k = -4*d + 25195. Is d composite?
False
Suppose -3*l = -2 - 19. Suppose -l*r = -101 + 31. Is (-6749)/(-85) + (-4)/r prime?
True
Let l(f) = 2*f**3 + 2*f**2 + 2*f + 1. Let s be l(-2). Let b = s - -5. Is -1 - b/1*22 prime?
True
Let l(p) = -8*p**3 - 2*p**2 + 21*p + 55. Is l(-7) a prime number?
False
Let h(u) = -u**2 + 13*u - 20. Let q be h(10). Let p(r) = -2*r**2 - 11*r - 10. Let n(b) = -3*b**2 - 12*b - 10. Let a(m) = -3*n(m) + 4*p(m). Is a(q) prime?
False
Let z = -7332 + 15151. Is z a prime number?
False
Let k(x) = 21*x**3 + x**2 - 4*x - 1. Let t be -4*(-3 + (-35)/(-20)). Is k(t) a composite number?
True
Suppose 0*h = -3*h - 5*c + 2, 5*h + 2*c = 16. Suppose 1132 = -h*u - 1160. Let f = -326 - u. Is f prime?
False
Suppose -5*r + 2 + 8 = 0, 3*r = 2*k. Suppose 3*w + c = -0*c + 427, -5*w + k*c = -721. Is w prime?
False
Suppose 4*k = -5 - 3. Let l(p) = -p**3 - p**2 - 2*p - 3. Let x be l(k). Suppose -u + 656 = -x*c, 0*c + 1883 = 3*u + 2*c. Is u a composite number?
False
Let l(c) = -c**3 - 8*c**2 + c + 13. Suppose -4*p - 4*u - 51 = -u, -4*u = 4*p + 56. Is l(p) a prime number?
False
Let t(v) be the third derivative of 37*v**6/180 + v**5/40 + v**4/24 - 3*v**3/2 + v**2. Let h(m) be the first derivative of t(m). Is h(-2) composite?
True
Let j = 2 - -2. Suppose -j*r = 3*s + 749, -919 = 4*s - 2*r + 87. Let q = -162 - s. Is q composite?
False
Let n(f) = 295*f**2 - 5*f - 19. Is n(-3) a composite number?
True
Let t(p) = p - p**3 + 1 + p**2 - 4*p + 3*p + p. Let o(l) = 11*l**3 - 7*l**2 + l - 5. Let g(k) = o(k) + 4*t(k). Is g(2) prime?
True
Suppose 12*w - 33682 = -766. Is w a composite number?
True
Let r = -10 - -8. Let o be (4 - -1) + -3 - r. Suppose -h + 5*p = -2*h + 315, o*h + 3*p = 1328. Is h a composite number?
True
Let c be (-3 + 10)*30/21. Let u(p) = -3*p**2 + 20*p - 23*p + p**3 - 5*p**2 - 7. Is u(c) a composite number?
False
Suppose -82*a + 860258 = -1343820. Is a a composite number?
False
Suppose 4*n - 176 = 3*n. Let q = -1 + 4. Suppose 23 - n = -q*r. Is r a prime number?
False
Let n = 21 + -12. Let l(v) = -n*v + 5*v + 3 + v. Is l(-10) composite?
True
Let o be (-20)/(-30) + (-13)/(-3). Is o - 8 - (-1 + -3891) prime?
True
Let n(m) = -m - 4. Let r be n(-1). Let t = r - 41. Let a = t - -66. Is a a composite number?
True
Let b(p) be the third derivative of 103*p**5/12 + p**4/4 + 5*p**3/6 + 8*p**2. Is b(-2) a prime number?
True
Is ((-2)/4*7273)/((-8)/16) com